t of p?
2
Let n(o) = o**3 - 4*o + 3. Let i(h) = 3*h + 4. Let s be i(2). Suppose -g = -3*m + s, 1 - 14 = -5*m - 2*g. What is the units digit of n(m)?
8
What is the tens digit of 1/8 - 3481591/(-712)?
9
What is the units digit of (18/45)/(2/3630)?
6
Let i(o) = o**2 - 4*o + 143. Let d be i(0). Suppose 3*v - 22 = -4*r + d, -130 = -3*r + 4*v. What is the units digit of r?
2
Let j(d) be the first derivative of -2*d**3/3 + 3*d**2 - 7*d - 6. Let y be j(3). What is the units digit of y*(3 + (-93)/21)?
0
Suppose -f = -4*f - 4*o + 240, -4*f + 313 = 3*o. Let u = f + -16. What is the units digit of u?
0
Suppose 4*p = -5*c + 3022 + 5233, -10 = 2*c. What is the thousands digit of p?
2
Let g(u) be the first derivative of -6 + u + 7/2*u**2. What is the units digit of g(1)?
8
Suppose -a = 5, 0*q - 5*q - 5*a = 15. What is the units digit of -9*(q - 4) + 3?
1
Let d = 999 + -706. Suppose -2*w - 194 = -2*b, -3*b - 4*w - d = -6*b. What is the units digit of b?
5
Suppose 0 = -3*l + 4*l - 15. Let o = l + 4. What is the tens digit of o?
1
Let u(j) be the second derivative of 4*j**4/3 - j**3/3 - 3*j**2 - j + 15. What is the hundreds digit of u(-3)?
1
Let b = 11 + 3. Let m(t) = t**3 - 14*t**2 - t + 15. What is the units digit of m(b)?
1
Let d(i) = i**2 + 6*i + 11. Let a be d(-4). Suppose -16 = -3*k + 7*k - a*g, 2*g = 0. What is the units digit of -1 + (-1)/(k/260)?
4
Let x(s) = 2*s**2 + 7*s + 142. What is the thousands digit of x(36)?
2
Let h(w) = 6*w**2 + w - 5. Let y be h(5). Let p = y - 87. What is the units digit of p?
3
Let c(q) = q**3 + 14*q**2 + 11*q - 14. Suppose -a - 4*z + 3 = -1, -a + 4 = -5*z. Suppose 3*x + 3*w + 30 = 0, x + a*w = 4 - 5. What is the tens digit of c(x)?
1
Let n(a) = 11*a**2 - 5*a. Let w be n(12). Suppose -7*s + w = -s. What is the tens digit of s?
5
Suppose -3*q - 4*x + 126 = -x, -4*q - 3*x + 172 = 0. Suppose 2*l + 4*h - q = 0, 4*h + 77 = 4*l + 7*h. What is the tens digit of l?
1
Let j = 42 - 38. Suppose -j*z = 4*r - 764, 4*r - r = 2*z - 357. What is the hundreds digit of z?
1
Let c(z) = 42*z - 67. Let y be (9/(-27))/((-1)/(-6))*-5. What is the units digit of c(y)?
3
Suppose -5*z + 16 = 2*n, 0*n + 2 = -2*z - 5*n. Suppose 465 = 5*i + d, 9 = -z*d - 11. What is the tens digit of i?
9
Suppose -4*g + 834 = 5*z, z + z - 327 = 5*g. What is the hundreds digit of z?
1
Let o(t) = 16*t**2 + 5*t - 12. Suppose 3*m = 4*s, 0 = 3*m + 2*s - 20 + 2. What is the hundreds digit of o(m)?
2
Suppose 2*c + 294 = 62. Let g = c + 307. What is the tens digit of g?
9
Let t = -3215 + 4112. What is the hundreds digit of t?
8
Let t(y) = -40*y - 4 + 35*y - 7. What is the tens digit of t(-7)?
2
Let n(h) = h + 2. Let g(p) = -18*p - 28. Let d(f) = 3*g(f) + 42*n(f). Let o = 0 - 1. What is the tens digit of d(o)?
1
Let l(g) = 202*g - 46. What is the tens digit of l(3)?
6
Let v(a) = a**3 + 16*a**2 + 10*a + 9. Let z be v(-14). Let f = z - 125. What is the hundreds digit of f?
1
Let b be (32/(-12))/(4/(-6)). Suppose -b*o + 23 + 129 = 0. What is the tens digit of o?
3
Let f(x) = -3*x - 32. Let j be f(-12). Suppose 2*c = j*b + 346, -179 = 5*c + 4*b - 1002. What is the tens digit of c?
6
Let b(d) = -4*d. Suppose 0 = 3*h + 2*h - 20. Let m be 15/5 - (h + 0). What is the units digit of b(m)?
4
Let l(u) = -u**2 + 19*u + 3. Let q(r) = 4*r - 7. Let y be q(4). What is the units digit of l(y)?
3
What is the units digit of (-3)/(5*(-5)/1850)?
2
Suppose -3*l = -6*l + g + 2644, 892 = l - 3*g. What is the hundreds digit of l?
8
Suppose -f + 61 + 39 = 0. Let q = 25 - 21. Suppose q*v + v - f = 0. What is the units digit of v?
0
What is the thousands digit of (-2 - 1394)*(-5 - -4)?
1
What is the hundreds digit of (12 + 95 + 7)/(2/20)?
1
Suppose 45*h + 382 = 47*h. Suppose h = 3*r + 2*t, -5*r + 2*t + 323 = 3*t. What is the tens digit of r?
6
Suppose -4*h + 5*b + 51 = 0, -5 = 3*h - 4*b - 44. Suppose 2*f = -h + 1, 2*d = 2*f + 62. What is the units digit of d?
7
Suppose -64*y = -9*y - 72435. What is the units digit of y?
7
Suppose 0*n - 4*r = 2*n - 76, -5*r = -4*n + 113. Suppose -106 + 26 = -5*f. Suppose n = s - 2*l, -s + 2*s + 2*l = f. What is the units digit of s?
4
Let r(h) = 6*h - 5. Let i be (-234)/(-8) - (-3)/(-12). Let w = i - 16. What is the units digit of r(w)?
3
Let z = -46 + 78. Suppose 0 = -0*p + p - 11. Suppose -u + z = p. What is the tens digit of u?
2
Let r(a) be the third derivative of 1/60*a**5 + 35/6*a**3 - 3*a**2 + 0 + 0*a - 1/24*a**4. What is the units digit of r(0)?
5
Suppose 12*q = 6358 + 8666. What is the units digit of q?
2
Let o(k) = -k. Let j(t) = -20*t - 25. Let y(l) = j(l) + 6*o(l). What is the units digit of y(-5)?
5
Let w = -44 - -64. What is the tens digit of w?
2
Let l be (-385)/3 - 1/(-3). What is the tens digit of ((-9)/(-6))/((-3)/l)?
6
Let v(m) = -m**3 - m**2 - m - 2. Let a = 43 - 47. What is the units digit of v(a)?
0
Suppose b - 112 = 181. Suppose -3*n + 5*p + b = -506, 5*n = 5*p + 1335. What is the units digit of n?
8
Let r = -1358 - -5635. What is the thousands digit of r?
4
Suppose -4*q - 721 = -3*w + q, 1209 = 5*w - q. What is the hundreds digit of w/18*-3*(-6)/2?
1
Let w = 182 - -24. What is the hundreds digit of w?
2
Suppose 1683 = 5*m - 2*u, -3*m - 3*u + 5*u + 1009 = 0. What is the units digit of m?
7
Suppose -7*g - 2239 = -10107. What is the hundreds digit of g?
1
Suppose -38361 - 99564 = -25*f. What is the hundreds digit of f?
5
Let s be (-485)/(-5)*1/1. Let m = 138 - s. What is the tens digit of m?
4
Let d(z) = z**3 - 4*z**2 - 17*z - 10. What is the tens digit of d(15)?
1
Suppose 109 - 1364 = -5*l. Suppose q - l = -3*q + 5*y, 0 = -5*q - 4*y + 324. Let a = q - 35. What is the tens digit of a?
2
Let g(k) = -37 + 3 + 3*k + 0*k - 5*k. Let s be g(0). What is the units digit of s/(4/6*-3)?
7
Let q(f) = f**2 - 3*f - 5. Let m be q(4). Let u be -1 + 0 + m - -4. Suppose 0*i = u*i - 16. What is the units digit of i?
8
Let y be (-2)/6 + 2/(42/5383). Suppose 0 = -m - 3*m + y. What is the tens digit of m?
6
Suppose 0 = 6*z - 120 - 5952. What is the thousands digit of z?
1
Let k(i) = 325*i**2 - 20*i + 20. What is the units digit of k(1)?
5
Let u(x) = 9*x - 33. Suppose 42 = 25*y - 22*y. What is the units digit of u(y)?
3
What is the units digit of 37028/16 - (54/24)/9?
4
Let p(g) = -g**3 - 7*g**2 - 3*g + 20. Let d be p(-6). Suppose 4*n - 63 = 2*n + 5*i, 0 = d*n + i - 33. What is the units digit of n?
9
Suppose 105 = -9*g + 15. What is the hundreds digit of (515/g)/(1/(-2))?
1
Let t = -23 + 23. Suppose i - 40 - 16 = t. What is the tens digit of i?
5
Let h(s) = s**2 + 9*s - 29. What is the units digit of h(-22)?
7
What is the hundreds digit of 148/37 + 2/(2/385)?
3
Let l = 6 - 9. Let v(r) = -2*r**2 - 16*r - 2. Let h(u) = -u**2 - 9*u - 1. Let d(q) = 5*h(q) - 3*v(q). What is the units digit of d(l)?
1
Let m(l) = -299*l - 665. What is the hundreds digit of m(-12)?
9
What is the units digit of (-40687)/(-92) + (-1)/(-8)*-2?
2
Let n be (-5 + 7 + -1)*-67. Suppose 0 = 4*r + 4*w - 460, -85 + 454 = 3*r - 3*w. Let m = n + r. What is the units digit of m?
2
Let s = 2147 + -1344. What is the tens digit of s?
0
Let t(k) = -708*k - 55. What is the units digit of t(-3)?
9
Let o(g) = 13*g**2 - g - 5. Let y(p) = 7*p**2 - 3. Let h(s) = 3*o(s) - 5*y(s). Let v be h(-4). Suppose 4*d = 8*d - v. What is the tens digit of d?
1
Let x be 1/(4/(-78))*2. Let r = -25 - x. What is the units digit of 234/r - (-6)/21?
7
What is the hundreds digit of 8/32*749 - (-1)/(-4)?
1
Let m be (41 + 3)*9/4. Suppose 19 = -8*s + m. Suppose s*t = 5*t + 145. What is the units digit of t?
9
Let z(o) = -o**3 + 10*o**2 + 22*o + 14. Let l be (-40)/(-15)*(15/4 + 0). What is the tens digit of z(l)?
3
What is the hundreds digit of 3/21 + (-66816)/(-42)?
5
What is the units digit of 6817/5 - (-56)/(-140)?
3
Suppose 2*j = 185 + 813. Suppose 21 = 4*i - j. Suppose i = -0*a + 5*a. What is the tens digit of a?
2
Let r(d) = 3*d**2 + 3*d + 4*d**3 - 4*d**3 - 7*d**3 + 2. Suppose 5*t + 4*n + 16 - 2 = 0, 5*t + 2*n + 12 = 0. What is the units digit of r(t)?
4
Let b = 6 + 90. Suppose b = o - 31. What is the hundreds digit of o?
1
Suppose 25*d = 5259 + 40116. What is the hundreds digit of d?
8
Suppose 0 = a + 4 - 2. Let j = 3 - a. Suppose -5*h - 5*t + 22 = -8, h - 12 = j*t. What is the units digit of h?
7
Suppose 0 = -2*y - 10*y + 48. Suppo